{"id":757,"date":"2019-07-16T20:00:22","date_gmt":"2019-07-16T18:00:22","guid":{"rendered":"https:\/\/oskarsguld.se\/?page_id=757"},"modified":"2019-07-17T15:06:26","modified_gmt":"2019-07-17T13:06:26","slug":"forlovnings-vigselringar","status":"publish","type":"page","link":"https:\/\/oskarsguld.se\/index.php\/forlovnings-vigselringar\/","title":{"rendered":"F\u00f6rlovnings &#038; Vigselringar"},"content":{"rendered":"<section class=\"wpb-content-wrapper\"><p>[vc_row][vc_column width=&#8221;2\/3&#8243;]<div id=\"cz_97858\" class=\"cz_97858 cz_title clr cz_title_pos_inline\"><div class=\"cz_title_content\"><div class=\"cz_wpe_content\"><h3>F\u00f6rlovnings &amp; Vigselringar<\/h3>\n<\/div><\/div><\/div><div class=\"cz_gap clr \" style=\"height: 50px\"><\/div>[vc_column_text]<\/p>\n<p class=\"p1\">Hos oss finner du ett stort utbud av f\u00f6rlovningsringar och vigselringar. Oavsett om du \u00e4r ute efter en klassisk f\u00f6rlovningsring eller en specialtillverkad s\u00e5 har du kommit r\u00e4tt. V\u00e5ra vigsel och f\u00f6rlovningsringar \u00e4r handgjorda, unika och priserna \u00e4r konkurrenskraftiga. Alla diamanter kommer med certifikat och ringarna kommer med livstidsgaranti.<span class=\"Apple-converted-space\">\u00a0 <\/span>Bes\u00f6k oss v\u00e5r butik i Gamla stan och prova ut din favorit.<\/p>\n<p>[\/vc_column_text]<div class=\"cz_gap clr \" style=\"height: 50px\"><\/div>[\/vc_column][vc_column width=&#8221;1\/3&#8243;][\/vc_column][\/vc_row][vc_row][vc_column][vc_gallery type=&#8221;image_grid&#8221; images=&#8221;783,784,785,786,787,788,789,790,791,792,793,794,795,796,797,798,799,800,801,802,803,804,805,806,807,808,809,810,811,812,813,814,815,816,817,818,819,820,821,822,823,824,825,826&#8243;]<div class=\"cz_gap clr \" style=\"height: 50px\"><\/div>[\/vc_column][\/vc_row]<\/p>\n<\/section>","protected":false},"excerpt":{"rendered":"<p>[vc_row][vc_column width=&#8221;2\/3&#8243;][vc_column_text] Hos oss finner du ett stort utbud av f\u00f6rlovningsringar &#8230; <\/p>\n","protected":false},"author":2,"featured_media":0,"parent":0,"menu_order":0,"comment_status":"closed","ping_status":"closed","template":"","meta":[],"_links":{"self":[{"href":"https:\/\/oskarsguld.se\/index.php\/wp-json\/wp\/v2\/pages\/757"}],"collection":[{"href":"https:\/\/oskarsguld.se\/index.php\/wp-json\/wp\/v2\/pages"}],"about":[{"href":"https:\/\/oskarsguld.se\/index.php\/wp-json\/wp\/v2\/types\/page"}],"author":[{"embeddable":true,"href":"https:\/\/oskarsguld.se\/index.php\/wp-json\/wp\/v2\/users\/2"}],"replies":[{"embeddable":true,"href":"https:\/\/oskarsguld.se\/index.php\/wp-json\/wp\/v2\/comments?post=757"}],"version-history":[{"count":7,"href":"https:\/\/oskarsguld.se\/index.php\/wp-json\/wp\/v2\/pages\/757\/revisions"}],"predecessor-version":[{"id":829,"href":"https:\/\/oskarsguld.se\/index.php\/wp-json\/wp\/v2\/pages\/757\/revisions\/829"}],"wp:attachment":[{"href":"https:\/\/oskarsguld.se\/index.php\/wp-json\/wp\/v2\/media?parent=757"}],"curies":[{"name":"wp","href":"https:\/\/api.w.org\/{rel}","templated":true}]}}